 - 3*h. Let c(l) = l - l - 11 - 3*l. What are the prime factors of c(h)?
13
Suppose -3*p - 101 = -5*j + p, 3*j + p = 47. List the prime factors of j.
17
Let i be 8/((-1 - 1)/(-1)). Suppose 4 = -i*o + 16. Suppose 4*p + p - 112 = -o*x, 3*p = -4*x + 76. List the prime factors of p.
2, 5
Let o(v) = -8*v + 2*v**2 - v**2 + 2 + 4*v. Let n be 6 + -1 + -2 + 2. What are the prime factors of o(n)?
7
Suppose 0*k = -3*g - 2*k, -5*g + 5*k + 25 = 0. Suppose 5*b + 5 = -t, 4*b = 2*b + 4*t - g. List the prime factors of b/1*3*-1.
3
Let o(h) = -h**2 - 8*h + 11. Let v be o(-9). Suppose 0 = v*c - 2*i - 10, c - 3*i = -4*i + 15. List the prime factors of c.
2, 5
Let i be (-2)/14 - (-52)/(-28). List the prime factors of -1 - (i + 3 + -7).
5
Suppose 5*t + 45 = -4*o, 3*o - t = t - 28. List the prime factors of (-16)/o*105/6.
2, 7
Let s(v) be the third derivative of -v**5/60 - 13*v**4/24 + v**3/2 + 4*v**2. List the prime factors of s(-12).
3, 5
Let u = 347 + -229. List the prime factors of u.
2, 59
Let p be (1 - (-6)/(-4))*2. Let a = p + 4. Suppose a*z = 2*k + 19, 3*k = -2*z + 5 + 25. List the prime factors of z.
3
Suppose -3*b + 2*s + 44 = 0, -2*s - 4 = 3*b - 68. Suppose -2*a = -0*a - b. Suppose -2*h + 5*p + 35 = 0, -4*p - 3 - a = 0. What are the prime factors of h?
2, 5
Let t(d) = -d**2 - 17*d + 12. What are the prime factors of t(-14)?
2, 3
Let o be 2 + 2 + 12/(-4). List the prime factors of 16/o + (-2 - -1).
3, 5
Suppose -6 - 14 = -4*c. Suppose 0 = c*g + a - 25, -3*g - a - 2 + 19 = 0. Suppose 5*f - 2*d - 6 = 0, -g*d + 6 = -f - 0*d. List the prime factors of f.
2
Suppose 0 = g - 0*g + 2*p, -3*g + 4*p = -10. Suppose -3*s - 27 = -3*f, -g*f + s = -21 + 3. List the prime factors of f.
3
Let h be (3/(-4))/(1/12). Let k = -6 - h. List the prime factors of k.
3
Let k be (3/(-3))/((-2)/22). Let m = k + -8. Suppose -m*d + 21 = 3*g, 2*g = -2*g - d + 43. What are the prime factors of g?
2, 3
Suppose -5 = m + o + 4*o, m + 4*o + 3 = 0. Suppose 5*z - m*g - 20 = 0, -5*g - 8 = z - 0. Let f = 13 + z. What are the prime factors of f?
3, 5
Suppose -4*i = -i, 275 = 5*d + 4*i. What are the prime factors of d?
5, 11
Let k(v) = v - 2. Let f be k(3). Suppose 5*r - f = 34. What are the prime factors of r?
7
Let s = -4 + 5. What are the prime factors of 0 + s + 4 + -3?
2
Suppose 0 = -2*a + 6, -3*o - 7*a + 27 = -2*a. Suppose o*b - 20 = -b. Suppose 0 = -5*n + j + 71, 0*j + 55 = b*n + j. List the prime factors of n.
2, 7
Let z(g) be the third derivative of -g**6/120 + 3*g**5/20 - g**4/3 + 2*g**3 - 4*g**2. What are the prime factors of z(8)?
2, 3
List the prime factors of (-291)/(-33) - 2/(-11).
3
Let f = 34 + -10. List the prime factors of f.
2, 3
Let i = 23 - 11. Let t = i - 7. Suppose s - 6*d = -t*d + 4, -4*s = -d - 19. List the prime factors of s.
5
Let d be 1/(-3) + 48/9. Suppose 5*m - d*k - 20 = 0, -5*m = -0*k + k - 26. List the prime factors of m.
5
Let l(p) = -10*p - 2. Suppose 0 = c + 4*c - 20, -3*c = 4*y - 4. Let n be l(y). Let d = 26 - n. What are the prime factors of d?
2
Suppose -j = -4*j + 6. Suppose j*y = -d - 8, d - 3*y - 22 = y. Suppose d*z = -3*z + 55. List the prime factors of z.
11
Suppose -3*k = -0*k + 3, 2*t - 4*k = 124. What are the prime factors of t?
2, 3, 5
Suppose -1454 = -3*i + 5*x, 495 = 4*i - 4*x - 1457. Let b = -333 + i. What are the prime factors of (6/(-4))/((-24)/b)?
2, 5
Let p = -18 + 14. What are the prime factors of 7 + p + 13 - 2?
2, 7
Let p(f) = -f**3 - 8*f**2 - 7*f + 5. Let w be p(-7). Suppose -2*a = -a - 5*h + 27, -4*a - 33 = -5*h. What are the prime factors of 0 - 5/(w/a)?
2
Suppose 3*m + 0*m + 21 = 0. Let n = m + 16. What are the prime factors of n?
3
Suppose 2*y - 5*y - g - 23 = 0, 2*y - 2*g + 26 = 0. Let v(f) = f**2 + 9*f + 11. What are the prime factors of v(y)?
11
Suppose 8*n - 3*n = -2*i - 19, -4*i - 4*n = 8. Suppose -i*p + 39 = -114. What are the prime factors of p?
3, 17
What are the prime factors of (-7600)/(-48) - (-2)/3?
3, 53
Let t(n) = 2*n + 0*n**2 + 5 - 5 - 5 + 2*n**2. What are the prime factors of t(4)?
5, 7
Suppose 8 = 3*o - 1. Suppose -o*q + 12 = -q. What are the prime factors of 9/q*(-8)/(-3)?
2
Let d(c) = c + 1. Let u be d(2). Let b(n) = 2 - 5*n**2 - 3*n**u + 2*n**2 - 1. What are the prime factors of b(-2)?
13
Suppose -5*j = -2*c - 13, -3*c - 9 = -5*j - 2*c. Let l(i) = 30*i**2 + i - 1. What are the prime factors of l(j)?
2, 3, 5
Let z = 7 + 14. List the prime factors of z.
3, 7
Let t(q) = -5*q + 4. List the prime factors of t(-4).
2, 3
Let k(m) be the second derivative of m**5/20 + 5*m**4/12 + m**3/6 - m**2/2 - 2*m. List the prime factors of k(-4).
11
Suppose -3*w + 0*b = -b - 7, -4*b = -5*w + 7. Suppose -117 = -5*m - 3*i - 18, -3*m + 69 = -w*i. What are the prime factors of m?
3, 7
Suppose 4*d = -2*o + 494, 6*d - 111 = 5*d + 2*o. What are the prime factors of d?
11
Suppose 14*x + 97 = 1637. What are the prime factors of x?
2, 5, 11
Let h(k) = -3*k**2 + 2*k - 34. Let y(i) = -7*i**2 + 5*i - 67. Let q(a) = -5*h(a) + 2*y(a). What are the prime factors of q(0)?
2, 3
Suppose 1069 + 1523 = 6*b. What are the prime factors of b?
2, 3
Let b be 6/(-30) - (-192)/(-15). Let i(z) = z**2 + 12*z - 8. List the prime factors of i(b).
5
Let z = 14 - 8. What are the prime factors of 16/z*(8 + -5)?
2
Let a = 8 + 11. What are the prime factors of a?
19
Let u(c) = -c**2 - 10*c + 6. Let f be u(-10). Let q be ((-1)/2)/(1/f). What are the prime factors of (q + 1 - -1)*-16?
2
Suppose 7*m - 3*m - 6 = -3*g, -5*m + 13 = g. Let v = 11 + g. Suppose j - v = -0*j. What are the prime factors of j?
3
List the prime factors of (-6)/15 + (-145)/50*-6.
17
Let j(u) = 2*u**2 + 0*u**2 + 9*u + 8 - u**2. List the prime factors of j(-9).
2
Let b = 6 - 15. Let w(n) = -n**2 - 10*n + 13. List the prime factors of w(b).
2, 11
What are the prime factors of (1 - -13)*15/10?
3, 7
Let a(t) be the first derivative of -t**3/3 + 7*t**2/2 - 4*t + 1. Let b be a(6). Suppose 0*x = b*x - 8. What are the prime factors of x?
2
Suppose 0*o - o = 2*v - 401, -5*v - o = -998. List the prime factors of v.
199
Suppose 206 = 4*x + 62. Suppose -5*w + 2*c + 58 = 4*c, 2*w = -4*c + x. What are the prime factors of w?
2, 5
Let c be 18/15*20/3. Let x = -3 + c. List the prime factors of x.
5
Let m be 3*6 + (3 - 2). Suppose y - m = 2*i, -5*i + 2*i = -12. What are the prime factors of y?
3
Let f(y) = 25*y + 6. List the prime factors of f(5).
131
Let t(y) = -y**3 - 7*y**2 + y + 10. Let j be t(-7). Let k be (-8)/j + 2/3. What are the prime factors of ((-15)/(-9))/(k/(-6))?
5
Let p(w) = w**3 + w**2 + w + 12. Let f be p(0). Suppose j - f = 5*u - 41, -5*j - 30 = -2*u. Suppose 5*o - 50 = -u. What are the prime factors of o?
3
Let z(y) = -y - 6. Let r be z(0). Let o(j) = -j**3 - 4*j**2 + 4*j. What are the prime factors of o(r)?
2, 3
Let w = -6 - -13. Suppose 0 = 2*q - 1 + w. What are the prime factors of (9/q)/(3/(-2))?
2
Let i = -4 + 5. Let v = 8 + i. List the prime factors of v.
3
Suppose -2*w + 0 - 2 = 0. Let k(y) be the first derivative of -5*y**4/4 - y**3/3 - y**2/2 - y - 2. What are the prime factors of k(w)?
2
Suppose 44 = -2*y - 4*t, 3*t + 51 = -3*y + 2*t. List the prime factors of (-2 + 0)*1 - y.
2, 7
Let l(a) = a**3 + 13*a**2 + 6. Let h be l(-13). Let v = 4 + h. What are the prime factors of v?
2, 5
Suppose 0 = -2*r + 310 + 60. What are the prime factors of r?
5, 37
Let u be ((-88)/33)/(2/(-3)). Suppose 4*j - u*t - 92 = -t, -2*t = -4*j + 92. What are the prime factors of j?
23
Suppose 0 = i - 4*f - 4, -4*i + f - 4*f = -73. List the prime factors of i.
2
Suppose 0 = -2*w - 2*j - 0 + 4, 8 = -5*w + 4*j. Let x = w - -3. List the prime factors of x.
3
Let g = -16 + 17. Suppose -4*k + 2*v = -76, -g - 1 = -v. List the prime factors of k.
2, 5
Let i(b) = 5*b**2 - 2*b + 3. Let r(c) = -6*c**2 + 2*c - 3. Let y(m) = 5*i(m) + 4*r(m). List the prime factors of y(2).
3
Let c = 60 + -41. What are the prime factors of c?
19
Suppose 5*f = -5*q + f + 8, 5*q - 4*f = 32. Suppose -16 = -4*u + q*z, -z = -2*u - 2*z + 5. What are the prime factors of u?
3
Suppose -3*u = -7*u + 28. Let t = 20 - u. Let g = t - 1. What are the prime factors of g?
2, 3
Let m = -8 + 13. Suppose 0 = -2*y + m*g + 26, 0 = y + 3*g - 8*g - 23. Suppose 0 = -4*q - 2*x + 7*x + 36, 8 = y*q + x. List the prime factors of q.
2
Suppose i + 4*h - 22 = 0, -5*h = -4